{"id":19,"date":"2013-11-04T11:46:23","date_gmt":"2013-11-04T10:46:23","guid":{"rendered":"http:\/\/ampaescolapiosgranada.es\/?page_id=19"},"modified":"2013-11-04T11:46:23","modified_gmt":"2013-11-04T10:46:23","slug":"actividades","status":"publish","type":"page","link":"https:\/\/blogs.granada.escolapiosemaus.org\/ampa\/actividades\/","title":{"rendered":"ACTIVIDADES"},"content":{"rendered":"<div><strong>\u00a0 \u00a0 \u00a0- REUNIONES INICIALES:<\/strong> 23 y 30 de Septiembre, y 1 de Octubre. En ellas nos hemos presentado a los padres.<\/div>\n<div><\/div>\n<div><strong>\u00a0 \u00a0 \u00a0- FIESTA DE SAN JOS\u00c9 DE CALASANZ:<\/strong> viernes 29 de Noviembre. La AMPA colabora con los torneos deportivos y patrocina las camisetas de las alumnas que intervienen en el esperado PARTIDO DE VOLEIBOL PROFESORAS-ALUMNAS, y las camisetas de los alumnos que participan en el GRAN PARTIDO DE F\u00daTBOL PROFESORES-ALUMNOS.<\/div>\n<div><\/div>\n<div><strong>\u00a0\u00a0\u00a0\u00a0 - CORO DE VOCES BLANCAS:<\/strong> Actividad sostenida por el AMPA. Para m\u00e1s informaci\u00f3n, consulta en <a href=\"http:\/\/corodevocesblancases.wix.com\/coro-escolapios\">http:\/\/corodevocesblancases.wix.com\/coro-escolapios<\/a><\/div>\n<div><\/div>\n<div><strong>\u00a0 \u00a0 \u00a0- CONCIERTO DE NAVIDAD EN EL AUDITORIO MANUEL DE FALLA:<\/strong> el 22 de Diciembre a las 12:00 h. y a las 20:00 horas. Interviene el Coro de nuestro Colegio que como sab\u00e9is est\u00e1 patrocinado por la AMPA \"Coro de Voces Blancas PP. Escolapios\" junto con la Orquesta Ciudad de Granada, y otros Coros m\u00e1s. Es un concierto de Villancicos en varios idiomas. Las entradas se pueden comprar en el Corral del Carb\u00f3n.<\/div>\n<div><\/div>\n<div><strong>\u00a0 \u00a0 \u00a0- CONCIERTO DE NAVIDAD EN EL TEATRO DEL COLEGIO ESCOLAPIOS:<\/strong> Interviene el Coro de Voces Blancas de PP. Escolapios y Coral Lauda. La fecha est\u00e1 por determinar junto con la participaci\u00f3n de otros Coros.<\/div>\n<div><\/div>\n<div><strong>\u00a0 \u00a0 \u00a0- CONCIERTO DE PASCUA EN LA IGLESIA DEL SALVADOR (ALBAIC\u00cdN):<\/strong> Interviene el Coro de Voces Blancas de PP. Escolapios y la Coral Lauda. Falta por concretar la fecha y la participaci\u00f3n de otros Coros.<\/div>\n<div><\/div>\n<div><strong>\u00a0 \u00a0 \u00a0- DESAYUNO ANDALUZ:<\/strong> La AMPA compra pan y aceite para que los ni\u00f1os de infantil y primaria tomen un desayuno andaluz celebrando el D\u00eda de Andaluc\u00eda.<\/div>\n<div><\/div>\n<div><strong>\u00a0 \u00a0 \u00a0- DIA DE LA PAZ:<\/strong> La AMPA colabora con el Colegio.<\/div>\n<div><\/div>\n<div><strong>\u00a0 \u00a0 \u00a0- EL SOLICALDO:<\/strong> La AMPA colabora con el Colegio.<\/div>\n<div><\/div>\n<div><strong>\u00a0 \u00a0 \u00a0- FIESTA DE LA SOLIDARIDAD:<\/strong> La AMPA colabora organizando LA GRAN T\u00d3MBOLA AMPA, para la cual solicitamos vuestra colaboraci\u00f3n aportando regalos \"nuevos sin estrenar\" para poder recaudar dinero \u00a0para la Campa\u00f1a Solidaria que organiza el Colegio.<\/div>\n<div><\/div>\n<div><strong>\u00a0 \u00a0 \u00a0- SALIDAS EXTRAESCOLARES:<\/strong> Tradicionalmente la AMPA subvenciona una actividad o salida cultural a cada alumna\/o del colegio. En los \u00faltimos a\u00f1os, hemos financiado la entrada del cine en la \u00faltima semana del curso para los alumnos de ESO y Bachillerato. Y para los alumnos de infantil y primaria hemos patrocinado una actividad l\u00fadica o cultural que haya organizado el colegio, \u00f3 una parte de la visita a la Granja-escuela (ya que es la actividad con el coste m\u00e1s elevado). Cuando el colegio os entregue las autorizaciones para la actividad que financia el AMPA, vendr\u00e1 reflejado en dicha autorizaci\u00f3n.<\/div>\n<div><\/div>\n<div><strong>\u00a0 \u00a0 \u00a0- GRADUACI\u00d3N DE BACHILLER:<\/strong> Tradicionalmente acompa\u00f1amos en ese d\u00eda tan especial a las alumnas\/os que se grad\u00faan y a sus familias, ya que despu\u00e9s de quince a\u00f1os en este colegio que los recibi\u00f3 siendo unos ni\u00f1os peque\u00f1os, marchan a continuar sus estudios convertidos en mujeres y hombres. La AMPA les entrega un peque\u00f1o obsequio a cada alumno grabado con su fecha de promoci\u00f3n junto al escudo del colegio.<\/div>\n<div><\/div>\n<div><strong>\u00a0 \u00a0 \u00a0- FIESTA DE INFANTIL:<\/strong> Acompa\u00f1amos a los peques y a sus familias. Es un d\u00eda muy importante para las alumnas\/os ya que, despu\u00e9s de muchos ensayos y esfuerzo, act\u00faan delante de sus familiares y profesores. Luego con la merienda compartida que el colegio organizada junto a los padres, la AMPA les entrega un peque\u00f1o obsequio a cada alumno de infantil y a sus hermanitos y amiguillos que hayan venido a compartir con ellos este gran d\u00eda.<\/div>\n<div><\/div>\n<div><strong>\u00a0 \u00a0 \u00a0- HUERTO:<\/strong> La AMPA colabora con los organizadores del mismo.<\/div>\n<div><\/div>\n<div><strong>\u00a0 \u00a0 \u00a0- VIAJE DE ESTUDIOS:<\/strong> La AMPA colabora patrocinando una actividad del Viaje.<\/div>\n<div><\/div>\n<div><strong>\u00a0 \u00a0 \u00a0- LOGOPEDA:<\/strong> La AMPA contribuye para que la logopeda pueda permanecer m\u00e1s horas en el Colegio y as\u00ed poder atender a todos los ni\u00f1os que lo necesiten.<\/div>\n<div><\/div>\n<div><strong>\u00a0 \u00a0 \u00a0- BIBLIOTECA:<\/strong> La AMPA ayuda al proyecto de la Biblioteca para que cada vez puedan utilizarla y disfrutar de ella m\u00e1s alumnos.<\/div>\n<div><\/div>\n<div><strong>\u00a0 \u00a0 \u00a0- AYUDA A BECAS:<\/strong> La AMPA tradicionalmente ha contribu\u00eddo con peque\u00f1as aportaciones a familias necesitadas cuyos hijos son alumnos desde peque\u00f1os de este Colegio, y ahora est\u00e1n cursando Bachiller (\u00fanica unidad no concertada).<\/div>\n","protected":false},"excerpt":{"rendered":"<p>\u00a0 \u00a0 \u00a0- REUNIONES INICIALES: 23 y 30 de Septiembre, y 1 de Octubre. En ellas nos hemos presentado a los padres. \u00a0 \u00a0 \u00a0- FIESTA DE SAN JOS\u00c9 DE CALASANZ: viernes 29 de Noviembre. La AMPA colabora con los torneos deportivos y patrocina las camisetas de las alumnas que intervienen en el esperado PARTIDO [&hellip;]<\/p>\n","protected":false},"author":33,"featured_media":0,"parent":0,"menu_order":4,"comment_status":"open","ping_status":"closed","template":"","meta":{"_monsterinsights_skip_tracking":false,"_monsterinsights_sitenote_active":false,"_monsterinsights_sitenote_note":"","_monsterinsights_sitenote_category":0,"jetpack_post_was_ever_published":false,"footnotes":""},"class_list":["post-19","page","type-page","status-publish","hentry"],"yoast_head":"<!-- This site is optimized with the Yoast SEO plugin v26.8 - https:\/\/yoast.com\/product\/yoast-seo-wordpress\/ -->\n<title>ACTIVIDADES - Asociaci\u00f3n de Madres y Padres de Alumnos<\/title>\n<meta name=\"robots\" content=\"index, follow, max-snippet:-1, max-image-preview:large, max-video-preview:-1\" \/>\n<link rel=\"canonical\" href=\"https:\/\/blogs.granada.escolapiosemaus.org\/ampa\/actividades\/\" \/>\n<meta property=\"og:locale\" content=\"es_ES\" \/>\n<meta property=\"og:type\" content=\"article\" \/>\n<meta property=\"og:title\" content=\"ACTIVIDADES - Asociaci\u00f3n de Madres y Padres de Alumnos\" \/>\n<meta property=\"og:description\" content=\"\u00a0 \u00a0 \u00a0- REUNIONES INICIALES: 23 y 30 de Septiembre, y 1 de Octubre. En ellas nos hemos presentado a los padres. \u00a0 \u00a0 \u00a0- FIESTA DE SAN JOS\u00c9 DE CALASANZ: viernes 29 de Noviembre. La AMPA colabora con los torneos deportivos y patrocina las camisetas de las alumnas que intervienen en el esperado PARTIDO [&hellip;]\" \/>\n<meta property=\"og:url\" content=\"https:\/\/blogs.granada.escolapiosemaus.org\/ampa\/actividades\/\" \/>\n<meta property=\"og:site_name\" content=\"Asociaci\u00f3n de Madres y Padres de Alumnos\" \/>\n<meta name=\"twitter:card\" content=\"summary_large_image\" \/>\n<meta name=\"twitter:label1\" content=\"Tiempo de lectura\" \/>\n\t<meta name=\"twitter:data1\" content=\"3 minutos\" \/>\n<script type=\"application\/ld+json\" class=\"yoast-schema-graph\">{\"@context\":\"https:\/\/schema.org\",\"@graph\":[{\"@type\":\"WebPage\",\"@id\":\"https:\/\/blogs.granada.escolapiosemaus.org\/ampa\/actividades\/\",\"url\":\"https:\/\/blogs.granada.escolapiosemaus.org\/ampa\/actividades\/\",\"name\":\"ACTIVIDADES - Asociaci\u00f3n de Madres y Padres de Alumnos\",\"isPartOf\":{\"@id\":\"https:\/\/blogs.granada.escolapiosemaus.org\/ampa\/#website\"},\"datePublished\":\"2013-11-04T10:46:23+00:00\",\"breadcrumb\":{\"@id\":\"https:\/\/blogs.granada.escolapiosemaus.org\/ampa\/actividades\/#breadcrumb\"},\"inLanguage\":\"es\",\"potentialAction\":[{\"@type\":\"ReadAction\",\"target\":[\"https:\/\/blogs.granada.escolapiosemaus.org\/ampa\/actividades\/\"]}]},{\"@type\":\"BreadcrumbList\",\"@id\":\"https:\/\/blogs.granada.escolapiosemaus.org\/ampa\/actividades\/#breadcrumb\",\"itemListElement\":[{\"@type\":\"ListItem\",\"position\":1,\"name\":\"Portada\",\"item\":\"https:\/\/blogs.granada.escolapiosemaus.org\/ampa\/\"},{\"@type\":\"ListItem\",\"position\":2,\"name\":\"ACTIVIDADES\"}]},{\"@type\":\"WebSite\",\"@id\":\"https:\/\/blogs.granada.escolapiosemaus.org\/ampa\/#website\",\"url\":\"https:\/\/blogs.granada.escolapiosemaus.org\/ampa\/\",\"name\":\"Asociaci\u00f3n de Madres y Padres de Alumnos\",\"description\":\"Colegio Dulce Nombre de Mar\u00eda - Escolapios Granada\",\"potentialAction\":[{\"@type\":\"SearchAction\",\"target\":{\"@type\":\"EntryPoint\",\"urlTemplate\":\"https:\/\/blogs.granada.escolapiosemaus.org\/ampa\/?s={search_term_string}\"},\"query-input\":{\"@type\":\"PropertyValueSpecification\",\"valueRequired\":true,\"valueName\":\"search_term_string\"}}],\"inLanguage\":\"es\"}]}<\/script>\n<!-- \/ Yoast SEO plugin. -->","yoast_head_json":{"title":"ACTIVIDADES - Asociaci\u00f3n de Madres y Padres de Alumnos","robots":{"index":"index","follow":"follow","max-snippet":"max-snippet:-1","max-image-preview":"max-image-preview:large","max-video-preview":"max-video-preview:-1"},"canonical":"https:\/\/blogs.granada.escolapiosemaus.org\/ampa\/actividades\/","og_locale":"es_ES","og_type":"article","og_title":"ACTIVIDADES - Asociaci\u00f3n de Madres y Padres de Alumnos","og_description":"\u00a0 \u00a0 \u00a0- REUNIONES INICIALES: 23 y 30 de Septiembre, y 1 de Octubre. En ellas nos hemos presentado a los padres. \u00a0 \u00a0 \u00a0- FIESTA DE SAN JOS\u00c9 DE CALASANZ: viernes 29 de Noviembre. La AMPA colabora con los torneos deportivos y patrocina las camisetas de las alumnas que intervienen en el esperado PARTIDO [&hellip;]","og_url":"https:\/\/blogs.granada.escolapiosemaus.org\/ampa\/actividades\/","og_site_name":"Asociaci\u00f3n de Madres y Padres de Alumnos","twitter_card":"summary_large_image","twitter_misc":{"Tiempo de lectura":"3 minutos"},"schema":{"@context":"https:\/\/schema.org","@graph":[{"@type":"WebPage","@id":"https:\/\/blogs.granada.escolapiosemaus.org\/ampa\/actividades\/","url":"https:\/\/blogs.granada.escolapiosemaus.org\/ampa\/actividades\/","name":"ACTIVIDADES - Asociaci\u00f3n de Madres y Padres de Alumnos","isPartOf":{"@id":"https:\/\/blogs.granada.escolapiosemaus.org\/ampa\/#website"},"datePublished":"2013-11-04T10:46:23+00:00","breadcrumb":{"@id":"https:\/\/blogs.granada.escolapiosemaus.org\/ampa\/actividades\/#breadcrumb"},"inLanguage":"es","potentialAction":[{"@type":"ReadAction","target":["https:\/\/blogs.granada.escolapiosemaus.org\/ampa\/actividades\/"]}]},{"@type":"BreadcrumbList","@id":"https:\/\/blogs.granada.escolapiosemaus.org\/ampa\/actividades\/#breadcrumb","itemListElement":[{"@type":"ListItem","position":1,"name":"Portada","item":"https:\/\/blogs.granada.escolapiosemaus.org\/ampa\/"},{"@type":"ListItem","position":2,"name":"ACTIVIDADES"}]},{"@type":"WebSite","@id":"https:\/\/blogs.granada.escolapiosemaus.org\/ampa\/#website","url":"https:\/\/blogs.granada.escolapiosemaus.org\/ampa\/","name":"Asociaci\u00f3n de Madres y Padres de Alumnos","description":"Colegio Dulce Nombre de Mar\u00eda - Escolapios Granada","potentialAction":[{"@type":"SearchAction","target":{"@type":"EntryPoint","urlTemplate":"https:\/\/blogs.granada.escolapiosemaus.org\/ampa\/?s={search_term_string}"},"query-input":{"@type":"PropertyValueSpecification","valueRequired":true,"valueName":"search_term_string"}}],"inLanguage":"es"}]}},"jetpack_sharing_enabled":true,"jetpack_shortlink":"https:\/\/wp.me\/P5Ub4B-j","_links":{"self":[{"href":"https:\/\/blogs.granada.escolapiosemaus.org\/ampa\/wp-json\/wp\/v2\/pages\/19","targetHints":{"allow":["GET"]}}],"collection":[{"href":"https:\/\/blogs.granada.escolapiosemaus.org\/ampa\/wp-json\/wp\/v2\/pages"}],"about":[{"href":"https:\/\/blogs.granada.escolapiosemaus.org\/ampa\/wp-json\/wp\/v2\/types\/page"}],"author":[{"embeddable":true,"href":"https:\/\/blogs.granada.escolapiosemaus.org\/ampa\/wp-json\/wp\/v2\/users\/33"}],"replies":[{"embeddable":true,"href":"https:\/\/blogs.granada.escolapiosemaus.org\/ampa\/wp-json\/wp\/v2\/comments?post=19"}],"version-history":[{"count":0,"href":"https:\/\/blogs.granada.escolapiosemaus.org\/ampa\/wp-json\/wp\/v2\/pages\/19\/revisions"}],"wp:attachment":[{"href":"https:\/\/blogs.granada.escolapiosemaus.org\/ampa\/wp-json\/wp\/v2\/media?parent=19"}],"curies":[{"name":"wp","href":"https:\/\/api.w.org\/{rel}","templated":true}]}}