{"version":"1.0","provider_name":"Asociaci\u00f3n de Madres y Padres de Alumnos","provider_url":"https:\/\/blogs.granada.escolapiosemaus.org\/ampa","title":"CONVOCATORIA ASAMBLEA GENERAL - Asociaci\u00f3n de Madres y Padres de Alumnos","type":"rich","width":600,"height":338,"html":"<blockquote class=\"wp-embedded-content\" data-secret=\"fvvmmOtCEv\"><a href=\"https:\/\/blogs.granada.escolapiosemaus.org\/ampa\/2013\/12\/03\/convocatoria-asamblea-general-2\/\">CONVOCATORIA ASAMBLEA GENERAL<\/a><\/blockquote><iframe sandbox=\"allow-scripts\" security=\"restricted\" src=\"https:\/\/blogs.granada.escolapiosemaus.org\/ampa\/2013\/12\/03\/convocatoria-asamblea-general-2\/embed\/#?secret=fvvmmOtCEv\" width=\"600\" height=\"338\" title=\"\u00abCONVOCATORIA ASAMBLEA GENERAL\u00bb \u2014 Asociaci\u00f3n de Madres y Padres de Alumnos\" data-secret=\"fvvmmOtCEv\" frameborder=\"0\" marginwidth=\"0\" marginheight=\"0\" scrolling=\"no\" class=\"wp-embedded-content\"><\/iframe><script type=\"text\/javascript\">\n\/* <![CDATA[ *\/\n\/*! This file is auto-generated *\/\n!function(d,l){\"use strict\";l.querySelector&&d.addEventListener&&\"undefined\"!=typeof URL&&(d.wp=d.wp||{},d.wp.receiveEmbedMessage||(d.wp.receiveEmbedMessage=function(e){var t=e.data;if((t||t.secret||t.message||t.value)&&!\/[^a-zA-Z0-9]\/.test(t.secret)){for(var s,r,n,a=l.querySelectorAll('iframe[data-secret=\"'+t.secret+'\"]'),o=l.querySelectorAll('blockquote[data-secret=\"'+t.secret+'\"]'),c=new RegExp(\"^https?:$\",\"i\"),i=0;i<o.length;i++)o[i].style.display=\"none\";for(i=0;i<a.length;i++)s=a[i],e.source===s.contentWindow&&(s.removeAttribute(\"style\"),\"height\"===t.message?(1e3<(r=parseInt(t.value,10))?r=1e3:~~r<200&&(r=200),s.height=r):\"link\"===t.message&&(r=new URL(s.getAttribute(\"src\")),n=new URL(t.value),c.test(n.protocol))&&n.host===r.host&&l.activeElement===s&&(d.top.location.href=t.value))}},d.addEventListener(\"message\",d.wp.receiveEmbedMessage,!1),l.addEventListener(\"DOMContentLoaded\",function(){for(var e,t,s=l.querySelectorAll(\"iframe.wp-embedded-content\"),r=0;r<s.length;r++)(t=(e=s[r]).getAttribute(\"data-secret\"))||(t=Math.random().toString(36).substring(2,12),e.src+=\"#?secret=\"+t,e.setAttribute(\"data-secret\",t)),e.contentWindow.postMessage({message:\"ready\",secret:t},\"*\")},!1)))}(window,document);\n\/* ]]> *\/\n<\/script>\n","description":"Para todos los padres interesados, os recordamos que el pr\u00f3ximo jueves 12 de Diciembre a las 18h en primera convocatoria, y a las 18:30h en segunda, tendr\u00e1 lugar en la SALA VERDE, la Asamblea General del AMPA. Pod\u00e9is ampliar m\u00e1s informaci\u00f3n en los siguientes enlaces. Convocatoria Asamblea General AMPA 12.12.13 Liquidaci\u00f3n cuentas curso 2012.2013 Propuesta [&hellip;]"}

Asociación de Madres y Padres de Alumnos

CONVOCATORIA ASAMBLEA GENERAL - Asociación de Madres y Padres de Alumnos

<blockquote class="wp-embedded-content" data-secret="fvvmmOtCEv"><a href="https://blogs.granada.escolapiosemaus.org/ampa/2013/12/03/convocatoria-asamblea-general-2/">CONVOCATORIA ASAMBLEA GENERAL</a></blockquote><iframe sandbox="allow-scripts" security="restricted" src="https://blogs.granada.escolapiosemaus.org/ampa/2013/12/03/convocatoria-asamblea-general-2/embed/#?secret=fvvmmOtCEv" width="600" height="338" title="«CONVOCATORIA ASAMBLEA GENERAL» — Asociación de Madres y Padres de Alumnos" data-secret="fvvmmOtCEv" frameborder="0" marginwidth="0" marginheight="0" scrolling="no" class="wp-embedded-content"></iframe><script type="text/javascript">
/* <![CDATA[ */
/*! This file is auto-generated */
!function(d,l){"use strict";l.querySelector&&d.addEventListener&&"undefined"!=typeof URL&&(d.wp=d.wp||{},d.wp.receiveEmbedMessage||(d.wp.receiveEmbedMessage=function(e){var t=e.data;if((t||t.secret||t.message||t.value)&&!/[^a-zA-Z0-9]/.test(t.secret)){for(var s,r,n,a=l.querySelectorAll('iframe[data-secret="'+t.secret+'"]'),o=l.querySelectorAll('blockquote[data-secret="'+t.secret+'"]'),c=new RegExp("^https?:$","i"),i=0;i<o.length;i++)o[i].style.display="none";for(i=0;i<a.length;i++)s=a[i],e.source===s.contentWindow&&(s.removeAttribute("style"),"height"===t.message?(1e3<(r=parseInt(t.value,10))?r=1e3:~~r<200&&(r=200),s.height=r):"link"===t.message&&(r=new URL(s.getAttribute("src")),n=new URL(t.value),c.test(n.protocol))&&n.host===r.host&&l.activeElement===s&&(d.top.location.href=t.value))}},d.addEventListener("message",d.wp.receiveEmbedMessage,!1),l.addEventListener("DOMContentLoaded",function(){for(var e,t,s=l.querySelectorAll("iframe.wp-embedded-content"),r=0;r<s.length;r++)(t=(e=s[r]).getAttribute("data-secret"))||(t=Math.random().toString(36).substring(2,12),e.src+="#?secret="+t,e.setAttribute("data-secret",t)),e.contentWindow.postMessage({message:"ready",secret:t},"*")},!1)))}(window,document);
/* ]]> */
</script>

Para todos los padres interesados, os recordamos que el próximo jueves 12 de Diciembre a las 18h en primera convocatoria, y a las 18:30h en segunda, tendrá lugar en la SALA VERDE, la Asamblea General del AMPA. Podéis ampliar más información en los siguientes enlaces. Convocatoria Asamblea General AMPA 12.12.13 Liquidación cuentas curso 2012.2013 Propuesta [&hellip;]
