{"version":"1.0","provider_name":"Blog de AGENDA 21 en ESCOLAPIOS Granada","provider_url":"https:\/\/blogs.granada.escolapiosemaus.org\/agenda21","title":"D&iacute;a sin compras - Blog de AGENDA 21 en ESCOLAPIOS Granada","type":"rich","width":600,"height":338,"html":"<blockquote class=\"wp-embedded-content\" data-secret=\"5y8eUwHiGl\"><a href=\"https:\/\/blogs.granada.escolapiosemaus.org\/agenda21\/2014\/11\/26\/da-sin-compras\/\">D&iacute;a sin compras<\/a><\/blockquote><iframe sandbox=\"allow-scripts\" security=\"restricted\" src=\"https:\/\/blogs.granada.escolapiosemaus.org\/agenda21\/2014\/11\/26\/da-sin-compras\/embed\/#?secret=5y8eUwHiGl\" width=\"600\" height=\"338\" title=\"\u00abD&iacute;a sin compras\u00bb \u2014 Blog de AGENDA 21 en ESCOLAPIOS Granada\" data-secret=\"5y8eUwHiGl\" frameborder=\"0\" marginwidth=\"0\" marginheight=\"0\" scrolling=\"no\" class=\"wp-embedded-content\"><\/iframe><script type=\"text\/javascript\">\n\/* <![CDATA[ *\/\n\/*! This file is auto-generated *\/\n!function(d,l){\"use strict\";l.querySelector&&d.addEventListener&&\"undefined\"!=typeof URL&&(d.wp=d.wp||{},d.wp.receiveEmbedMessage||(d.wp.receiveEmbedMessage=function(e){var t=e.data;if((t||t.secret||t.message||t.value)&&!\/[^a-zA-Z0-9]\/.test(t.secret)){for(var s,r,n,a=l.querySelectorAll('iframe[data-secret=\"'+t.secret+'\"]'),o=l.querySelectorAll('blockquote[data-secret=\"'+t.secret+'\"]'),c=new RegExp(\"^https?:$\",\"i\"),i=0;i<o.length;i++)o[i].style.display=\"none\";for(i=0;i<a.length;i++)s=a[i],e.source===s.contentWindow&&(s.removeAttribute(\"style\"),\"height\"===t.message?(1e3<(r=parseInt(t.value,10))?r=1e3:~~r<200&&(r=200),s.height=r):\"link\"===t.message&&(r=new URL(s.getAttribute(\"src\")),n=new URL(t.value),c.test(n.protocol))&&n.host===r.host&&l.activeElement===s&&(d.top.location.href=t.value))}},d.addEventListener(\"message\",d.wp.receiveEmbedMessage,!1),l.addEventListener(\"DOMContentLoaded\",function(){for(var e,t,s=l.querySelectorAll(\"iframe.wp-embedded-content\"),r=0;r<s.length;r++)(t=(e=s[r]).getAttribute(\"data-secret\"))||(t=Math.random().toString(36).substring(2,12),e.src+=\"#?secret=\"+t,e.setAttribute(\"data-secret\",t)),e.contentWindow.postMessage({message:\"ready\",secret:t},\"*\")},!1)))}(window,document);\n\/* ]]> *\/\n<\/script>\n","description":"El d\u00eda despu\u00e9s de Acci\u00f3n de Gracias es conocido en todo EEUU y Canad\u00e1 por ser la fiesta del consumismo debido a las grandes rebajas que preceden a la campa\u00f1a navide\u00f1a conocidas como Black Friday. Ese viernes (cuarto viernes del mes de noviembre), millones de ciudadanos de Am\u00e9rica del Norte adelantan sus compras navide\u00f1as y [&hellip;]","thumbnail_url":"http:\/\/www.concienciaeco.com\/wp-content\/uploads\/2014\/11\/url.jpg"}

El día después de Acción de Gracias es conocido en todo EEUU y Canadá por ser la fiesta del consumismo debido a las grandes rebajas que preceden a la campaña navideña conocidas como Black Friday. Ese viernes (cuarto viernes del mes de noviembre), millones de ciudadanos de América del Norte adelantan sus compras navideñas y [&hellip;]
