{"version":"1.0","provider_name":"Blog de AGENDA 21 en ESCOLAPIOS Granada","provider_url":"https:\/\/blogs.granada.escolapiosemaus.org\/agenda21","title":"D&iacute;a Mundial de la Alimentaci&oacute;n - Blog de AGENDA 21 en ESCOLAPIOS Granada","type":"rich","width":600,"height":338,"html":"<blockquote class=\"wp-embedded-content\" data-secret=\"fCrmsX5IFo\"><a href=\"https:\/\/blogs.granada.escolapiosemaus.org\/agenda21\/2014\/10\/13\/da-mundial-de-la-alimentacin\/\">D&iacute;a Mundial de la Alimentaci&oacute;n<\/a><\/blockquote><iframe sandbox=\"allow-scripts\" security=\"restricted\" src=\"https:\/\/blogs.granada.escolapiosemaus.org\/agenda21\/2014\/10\/13\/da-mundial-de-la-alimentacin\/embed\/#?secret=fCrmsX5IFo\" width=\"600\" height=\"338\" title=\"\u00abD&iacute;a Mundial de la Alimentaci&oacute;n\u00bb \u2014 Blog de AGENDA 21 en ESCOLAPIOS Granada\" data-secret=\"fCrmsX5IFo\" frameborder=\"0\" marginwidth=\"0\" marginheight=\"0\" scrolling=\"no\" class=\"wp-embedded-content\"><\/iframe><script type=\"text\/javascript\">\n\/* <![CDATA[ *\/\n\/*! This file is auto-generated *\/\n!function(d,l){\"use strict\";l.querySelector&&d.addEventListener&&\"undefined\"!=typeof URL&&(d.wp=d.wp||{},d.wp.receiveEmbedMessage||(d.wp.receiveEmbedMessage=function(e){var t=e.data;if((t||t.secret||t.message||t.value)&&!\/[^a-zA-Z0-9]\/.test(t.secret)){for(var s,r,n,a=l.querySelectorAll('iframe[data-secret=\"'+t.secret+'\"]'),o=l.querySelectorAll('blockquote[data-secret=\"'+t.secret+'\"]'),c=new RegExp(\"^https?:$\",\"i\"),i=0;i<o.length;i++)o[i].style.display=\"none\";for(i=0;i<a.length;i++)s=a[i],e.source===s.contentWindow&&(s.removeAttribute(\"style\"),\"height\"===t.message?(1e3<(r=parseInt(t.value,10))?r=1e3:~~r<200&&(r=200),s.height=r):\"link\"===t.message&&(r=new URL(s.getAttribute(\"src\")),n=new URL(t.value),c.test(n.protocol))&&n.host===r.host&&l.activeElement===s&&(d.top.location.href=t.value))}},d.addEventListener(\"message\",d.wp.receiveEmbedMessage,!1),l.addEventListener(\"DOMContentLoaded\",function(){for(var e,t,s=l.querySelectorAll(\"iframe.wp-embedded-content\"),r=0;r<s.length;r++)(t=(e=s[r]).getAttribute(\"data-secret\"))||(t=Math.random().toString(36).substring(2,12),e.src+=\"#?secret=\"+t,e.setAttribute(\"data-secret\",t)),e.contentWindow.postMessage({message:\"ready\",secret:t},\"*\")},!1)))}(window,document);\n\/* ]]> *\/\n<\/script>\n","description":"El 16 de octubre se celebra el D\u00eda Mundial de la Alimentaci\u00f3n. Este a\u00f1o se ha logrado un hito importante en la lucha contra la malnutrici\u00f3n global. El 12 de octubre en Roma los pa\u00edses acordaron pol\u00edticas destinadas a garantizar que las personas de todo el mundo tengan acceso a una alimentaci\u00f3n m\u00e1s saludable. Tras [&hellip;]","thumbnail_url":"http:\/\/radioamericahn.net\/imag\/2011\/06\/Merienda-escolar.jpg"}

El 16 de octubre se celebra el Día Mundial de la Alimentación. Este año se ha logrado un hito importante en la lucha contra la malnutrición global. El 12 de octubre en Roma los países acordaron políticas destinadas a garantizar que las personas de todo el mundo tengan acceso a una alimentación más saludable. Tras [&hellip;]
