{"version":"1.0","provider_name":"Blog de AGENDA 21 en ESCOLAPIOS Granada","provider_url":"https:\/\/blogs.granada.escolapiosemaus.org\/agenda21","title":"APAGA LA LUZ - Blog de AGENDA 21 en ESCOLAPIOS Granada","type":"rich","width":600,"height":338,"html":"<blockquote class=\"wp-embedded-content\" data-secret=\"gfTgYKIZms\"><a href=\"https:\/\/blogs.granada.escolapiosemaus.org\/agenda21\/2013\/04\/12\/apaga-la-luz\/\">APAGA LA LUZ<\/a><\/blockquote><iframe sandbox=\"allow-scripts\" security=\"restricted\" src=\"https:\/\/blogs.granada.escolapiosemaus.org\/agenda21\/2013\/04\/12\/apaga-la-luz\/embed\/#?secret=gfTgYKIZms\" width=\"600\" height=\"338\" title=\"\u00abAPAGA LA LUZ\u00bb \u2014 Blog de AGENDA 21 en ESCOLAPIOS Granada\" data-secret=\"gfTgYKIZms\" frameborder=\"0\" marginwidth=\"0\" marginheight=\"0\" scrolling=\"no\" class=\"wp-embedded-content\"><\/iframe><script type=\"text\/javascript\">\n\/* <![CDATA[ *\/\n\/*! This file is auto-generated *\/\n!function(d,l){\"use strict\";l.querySelector&&d.addEventListener&&\"undefined\"!=typeof URL&&(d.wp=d.wp||{},d.wp.receiveEmbedMessage||(d.wp.receiveEmbedMessage=function(e){var t=e.data;if((t||t.secret||t.message||t.value)&&!\/[^a-zA-Z0-9]\/.test(t.secret)){for(var s,r,n,a=l.querySelectorAll('iframe[data-secret=\"'+t.secret+'\"]'),o=l.querySelectorAll('blockquote[data-secret=\"'+t.secret+'\"]'),c=new RegExp(\"^https?:$\",\"i\"),i=0;i<o.length;i++)o[i].style.display=\"none\";for(i=0;i<a.length;i++)s=a[i],e.source===s.contentWindow&&(s.removeAttribute(\"style\"),\"height\"===t.message?(1e3<(r=parseInt(t.value,10))?r=1e3:~~r<200&&(r=200),s.height=r):\"link\"===t.message&&(r=new URL(s.getAttribute(\"src\")),n=new URL(t.value),c.test(n.protocol))&&n.host===r.host&&l.activeElement===s&&(d.top.location.href=t.value))}},d.addEventListener(\"message\",d.wp.receiveEmbedMessage,!1),l.addEventListener(\"DOMContentLoaded\",function(){for(var e,t,s=l.querySelectorAll(\"iframe.wp-embedded-content\"),r=0;r<s.length;r++)(t=(e=s[r]).getAttribute(\"data-secret\"))||(t=Math.random().toString(36).substring(2,12),e.src+=\"#?secret=\"+t,e.setAttribute(\"data-secret\",t)),e.contentWindow.postMessage({message:\"ready\",secret:t},\"*\")},!1)))}(window,document);\n\/* ]]> *\/\n<\/script>\n","thumbnail_url":"https:\/\/blogs.granada.escolapiosemaus.org\/agenda21\/wp-content\/uploads\/sites\/12\/2013\/04\/DSC04501_thumb-25255B5-25255D.jpg","thumbnail_width":413,"thumbnail_height":565,"description":"Muchas veces encendemos la luz por la ma\u00f1ana temprano y, sin darnos cuenta, la dejamos encendida \u00a1todo el d\u00eda! Esto nos pasa en la clase, en los pasillos, en casa\u2026 provocando un derroche innecesario de energ\u00eda y de dinero.&nbsp; Los alumnos de Educaci\u00f3n Infantil han hablado sobre la necesidad de ahorrar energ\u00eda el\u00e9ctrica y se [&hellip;]"}

Muchas veces encendemos la luz por la mañana temprano y, sin darnos cuenta, la dejamos encendida ¡todo el día! Esto nos pasa en la clase, en los pasillos, en casa… provocando un derroche innecesario de energía y de dinero.&nbsp; Los alumnos de Educación Infantil han hablado sobre la necesidad de ahorrar energía eléctrica y se [&hellip;]
